Calculate the remainder when 90323 is divided by 684.
35
Calculate the remainder when 2906 is divided by 1113.
680
What is the remainder when 43121 is divided by 308?
1
Calculate the remainder when 94238 is divided by 1683.
1673
Calculate the remainder when 96352 is divided by 16031.
166
Calculate the remainder when 11884 is divided by 1979.
10
Calculate the remainder when 4384 is divided by 163.
146
What is the remainder when 6011943 is divided by 37?
35
Calculate the remainder when 8335 is divided by 112.
47
Calculate the remainder when 10269 is divided by 540.
9
Calculate the remainder when 126975 is divided by 367.
360
Calculate the remainder when 886 is divided by 598.
288
What is the remainder when 282372 is divided by 47?
43
What is the remainder when 60862 is divided by 30431?
0
What is the remainder when 17417 is divided by 176?
169
Calculate the remainder when 25169 is divided by 6230.
249
What is the remainder when 5287 is divided by 129?
127
Calculate the remainder when 15877 is divided by 17.
16
Calculate the remainder when 1279 is divided by 565.
149
Calculate the remainder when 135200 is divided by 609.
2
What is the remainder when 1503 is divided by 90?
63
What is the remainder when 15158 is divided by 381?
299
Calculate the remainder when 351496 is divided by 14.
12
Calculate the remainder when 90899 is divided by 90.
89
What is the remainder when 141556 is divided by 147?
142
Calculate the remainder when 5302 is divided by 136.
134
What is the remainder when 27868 is divided by 4644?
4
Calculate the remainder when 428788 is divided by 107193.
16
What is the remainder when 451618 is divided by 617?
591
Calculate the remainder when 64281 is divided by 98.
91
What is the remainder when 446210 is divided by 129?
128
Calculate the remainder when 1648 is divided by 418.
394
Calculate the remainder when 228860 is divided by 59.
58
Calculate the remainder when 6374 is divided by 2985.
404
Calculate the remainder when 6141 is divided by 1519.
65
Calculate the remainder when 1638265 is divided by 18.
13
What is the remainder when 473432 is divided by 51?
50
Calculate the remainder when 139625 is divided by 268.
265
Calculate the remainder when 8441 is divided by 483.
230
Calculate the remainder when 11784 is divided by 166.
164
Calculate the remainder when 292186 is divided by 66.
4
What is the remainder when 18738 is divided by 206?
198
What is the remainder when 426905 is divided by 203?
199
What is the remainder when 16081 is divided by 374?
373
Calculate the remainder when 20607 is divided by 671.
477
Calculate the remainder when 2418 is divided by 45.
33
What is the remainder when 1169 is divided by 1061?
108
What is the remainder when 50433 is divided by 38?
7
What is the remainder when 12767 is divided by 63?
41
Calculate the remainder when 40075 is divided by 392.
91
Calculate the remainder when 60202 is divided by 143.
142
Calculate the remainder when 194 is divided by 167.
27
Calculate the remainder when 22885 is divided by 4572.
25
Calculate the remainder when 5993 is divided by 158.
147
What is the remainder when 3948 is divided by 19?
15
Calculate the remainder when 20171 is divided by 6713.
32
Calculate the remainder when 38023 is divided by 791.
55
Calculate the remainder when 6588 is divided by 6567.
21
Calculate the remainder when 806 is divided by 775.
31
Calculate the remainder when 7519 is divided by 10.
9
Calculate the remainder when 435460 is divided by 1735.
1710
What is the remainder when 1724 is divided by 169?
34
What is the remainder when 159890 is divided by 8882?
14
What is the remainder when 18394 is divided by 1839?
4
What is the remainder when 122399 is divided by 98?
95
What is the remainder when 3794 is divided by 379?
4
Calculate the remainder when 8599 is divided by 115.
89
What is the remainder when 183396 is divided by 339?
336
What is the remainder when 1096 is divided by 981?
115
What is the remainder when 4141996 is divided by 436?
432
What is the remainder when 91228 is divided by 10115?
193
Calculate the remainder when 14612 is divided by 221.
26
Calculate the remainder when 24599 is divided by 3073.
15
What is the remainder when 67423 is divided by 98?
97
Calculate the remainder when 53541 is divided by 105.
96
What is the remainder when 12155 is divided by 1506?
107
Calculate the remainder when 215048 is divided by 23.
21
What is the remainder when 26411 is divided by 368?
283
Calculate the remainder when 3136 is divided by 510.
76
Calculate the remainder when 92077 is divided by 46038.
1
Calculate the remainder when 71217 is divided by 451.
410
What is the remainder when 13287 is divided by 13232?
55
What is the remainder when 121093 is divided by 17288?
77
Calculate the remainder when 6168 is divided by 388.
348
What is the remainder when 14149 is divided by 43?
2
Calculate the remainder when 739767 is divided by 742.
735
What is the remainder when 1165 is divided by 360?
85
Calculate the remainder when 27998 is divided by 80.
78
Calculate the remainder when 27195 is divided by 1942.
7
What is the remainder when 15314 is divided by 15?
14
Calculate the remainder when 4023 is divided by 2498.
1525
Calculate the remainder when 2355466 is divided by 65.
61
What is the remainder when 79013 is divided by 39503?
7
Calculate the remainder when 9759 is divided by 696.
15
Calculate the remainder when 17192 is divided by 20.
12
What is the remainder when 167619 is divided by 60?
39
Calculate the remainder when 82188 is divided by 44.
40
Calculate the remainder when 49768 is divided by 315.
313
What is the remainder when 410433 is divided by 78?
75
Calculate the remainder when 265517 is divided by 274.
11
Calculate the remainder when 19484 is divided by 19478.
6
Calculate the remainder when 30010 is divided by 7.
1
Calculate the remainder when 104044 is divided by 90.
4
Calculate the remainder when 42722 is divided by 5.
2
What is the remainder when 15502 is divided by 267?
16
Calculate the remainder when 27970 is divided by 560.
530
Calculate the remainder when 5108 is divided by 1268.
36
What is the remainder when 232600 is divided by 15?
10
What is the remainder when 792 is divided by 61?
60
What is the remainder when 226815 is divided by 15121?
0
What is the remainder when 13091 is divided by 1869?
8
Calculate the remainder when 70353 is divided by 93.
45
Calculate the remainder when 2337 is divided by 286.
49
What is the remainder when 3955 is divided by 1293?
76
What is the remainder when 2157 is divided by 69?
18
Calculate the remainder when 564 is divided by 192.
180
What is the remainder when 5534 is divided by 264?
254
What is the remainder when 80367 is divided by 357?
42
Calculate the remainder when 10817 is divided by 240.
17
What is the remainder when 13400 is divided by 4431?
107
Calculate the remainder when 8249 is divided by 2748.
5
What is the remainder when 796 is divided by 219?
139
What is the remainder when 63521 is divided by 181?
171
What is the remainder when 32738 is divided by 266?
20
Calculate the remainder when 1284 is divided by 1097.
187
Calculate the remainder when 4216 is divided by 1794.
628
What is the remainder when 892291 is divided by 51?
46
Calculate the remainder when 291 is divided by 91.
18
Calculate the remainder when 3243 is divided by 92.
23
Calculate the remainder when 69151 is divided by 113.
108
Calculate the remainder when 17422 is divided by 2486.
20
What is the remainder when 400767 is divided by 657?
654
Calculate the remainder when 35016 is divided by 334.
280
What is the remainder when 44370 is divided by 14?
4
What is the remainder when 8251 is divided by 2056?
27
What is the remainder when 11250 is divided by 1403?
26
What is the remainder when 6936 is divided by 635?
586
What is the remainder when 197399 is divided by 40?
39
What is the remainder when 1334 is divided by 419?
77
Calculate the remainder when 106935 is divided by 14.
3
What is the remainder when 37762 is divided by 6288?
34
Calculate the remainder when 5194 is divided by 1001.
189
Calculate the remainder when 257664 is divided by 18404.
8
What is the remainder when 17099 is divided by 8511?
77
What is the remainder when 1669 is divided by 136?
37
What is the remainder when 25